 of 1197 and 505533?
399
What is the highest common factor of 657 and 1412696?
73
What is the greatest common factor of 245 and 3855?
5
Calculate the greatest common divisor of 730 and 342954.
146
Calculate the highest common factor of 23026 and 174.
58
Calculate the highest common divisor of 108696 and 4872.
168
Calculate the highest common factor of 4640 and 457910.
290
What is the highest common factor of 230664 and 96?
24
Calculate the highest common divisor of 16958208 and 12.
12
What is the greatest common factor of 45 and 266895?
45
What is the highest common divisor of 18890 and 10?
10
Calculate the highest common divisor of 2900 and 190240.
580
What is the greatest common divisor of 4953 and 5461?
127
What is the highest common factor of 143 and 65923?
143
What is the highest common divisor of 6464 and 134532?
404
What is the highest common divisor of 315 and 7389?
9
Calculate the greatest common divisor of 3634 and 46294.
158
Calculate the highest common factor of 73140 and 690.
690
What is the greatest common factor of 19233 and 387?
9
Calculate the greatest common factor of 713821 and 1.
1
Calculate the greatest common factor of 5254 and 568.
142
What is the highest common divisor of 9477 and 29835?
351
Calculate the greatest common factor of 6490282 and 302.
302
Calculate the highest common factor of 12070 and 1530.
170
What is the greatest common factor of 695 and 480523?
139
Calculate the greatest common factor of 3132 and 7668.
108
Calculate the highest common divisor of 191306 and 82.
82
Calculate the greatest common factor of 14716 and 108106.
566
Calculate the greatest common divisor of 8000 and 1213000.
1000
Calculate the highest common factor of 910166 and 1732.
866
Calculate the highest common factor of 132 and 5388.
12
What is the highest common divisor of 128 and 1204?
4
Calculate the greatest common factor of 8976 and 7888.
272
Calculate the greatest common factor of 370865 and 5517.
613
Calculate the greatest common divisor of 563295 and 7395.
255
What is the greatest common divisor of 2136 and 2304?
24
Calculate the highest common factor of 115218 and 333.
333
What is the highest common divisor of 2150738 and 238?
34
Calculate the greatest common factor of 4 and 453902.
2
What is the greatest common factor of 675 and 19050?
75
Calculate the greatest common divisor of 3237 and 247.
13
What is the highest common factor of 6320 and 1300?
20
Calculate the greatest common factor of 335673 and 9633.
741
What is the highest common divisor of 25880 and 1240?
40
What is the highest common divisor of 2169 and 17181?
9
Calculate the highest common divisor of 1376 and 1824.
32
Calculate the greatest common divisor of 36 and 1114569.
9
Calculate the greatest common divisor of 2603 and 47539.
137
What is the greatest common factor of 20464 and 50?
2
Calculate the highest common divisor of 10137996 and 18.
18
What is the greatest common divisor of 835 and 1602866?
167
What is the greatest common divisor of 3 and 1013?
1
What is the greatest common factor of 49695 and 30?
15
Calculate the highest common factor of 165900 and 252.
84
Calculate the greatest common divisor of 572 and 525008.
44
What is the highest common divisor of 7018 and 580?
58
Calculate the greatest common factor of 14113 and 88.
11
What is the greatest common factor of 41731 and 4147?
29
Calculate the highest common factor of 5616 and 1300.
52
Calculate the greatest common divisor of 310 and 2690.
10
What is the highest common divisor of 1071 and 13617?
153
Calculate the highest common factor of 1666 and 16681.
7
What is the greatest common factor of 71783 and 299?
23
Calculate the highest common divisor of 11094146 and 14.
14
What is the greatest common divisor of 95 and 245?
5
Calculate the greatest common factor of 1802 and 17204.
34
What is the highest common divisor of 118 and 72983?
59
Calculate the highest common factor of 43 and 745061.
43
Calculate the greatest common divisor of 3451 and 16443.
203
What is the highest common factor of 171 and 44?
1
Calculate the highest common divisor of 80698 and 314.
314
What is the greatest common factor of 34 and 14671?
17
What is the highest common divisor of 782100 and 237?
237
Calculate the greatest common factor of 142 and 7189034.
142
What is the highest common divisor of 29084 and 99?
11
What is the highest common factor of 77883 and 39?
39
What is the highest common divisor of 36 and 596439?
9
What is the greatest common divisor of 2268 and 3948?
84
What is the greatest common divisor of 26520 and 832?
104
What is the greatest common divisor of 25885 and 74315?
835
Calculate the highest common factor of 73692 and 690.
138
What is the greatest common divisor of 100 and 1809550?
50
Calculate the highest common factor of 1985 and 865.
5
What is the greatest common divisor of 2910 and 474?
6
Calculate the highest common factor of 99 and 379324.
11
What is the greatest common divisor of 14602 and 6?
2
What is the greatest common factor of 1659 and 22831?
79
Calculate the highest common divisor of 1413 and 945768.
471
What is the greatest common factor of 936 and 907803?
117
Calculate the greatest common divisor of 40 and 830360.
40
Calculate the greatest common factor of 5883 and 1325.
53
What is the greatest common divisor of 629985 and 165?
15
Calculate the greatest common factor of 20666 and 38.
2
Calculate the greatest common divisor of 12 and 120048.
12
What is the highest common factor of 40 and 9288?
8
Calculate the highest common divisor of 682 and 902.
22
Calculate the greatest common factor of 5063 and 42578.
61
What is the highest common divisor of 238 and 90083?
119
Calculate the highest common factor of 10 and 4210.
10
Calculate the highest common factor of 35536 and 168.
8
Calculate the greatest common divisor of 1073371 and 65.
13
What is the highest common factor of 9104 and 97299?
569
Calculate the greatest common divisor of 75613 and 249.
83
What is the greatest common divisor of 10 and 8050?
10
What is the greatest common divisor of 2968 and 410008?
424
What is the highest common divisor of 14 and 597121?
7
Calculate the highest common factor of 17 and 1894.
1
What is the greatest common divisor of 147399 and 35?
7
What is the greatest common divisor of 1179 and 450?
9
What is the highest common factor of 290 and 50170?
290
What is the highest common factor of 165 and 188243?
11
Calculate the greatest common divisor of 30128 and 20.
4
What is the highest common factor of 59376 and 384?
48
What is the highest common factor of 88074 and 210?
42
What is the greatest common factor of 36 and 413676?
36
Calculate the highest common factor of 249 and 41168.
83
What is the highest common factor of 867 and 5022?
3
What is the greatest common divisor of 354394 and 316?
158
Calculate the highest common factor of 11071709 and 374.
187
Calculate the highest common factor of 23412 and 38.
2
What is the greatest common divisor of 22 and 6875?
11
What is the greatest common divisor of 6141 and 9078?
267
What is the greatest common divisor of 2828 and 91?
7
Calculate the highest common divisor of 134325 and 270.
135
What is the highest common factor of 4282465 and 110?
55
Calculate the highest common factor of 129640 and 910.
70
Calculate the highest common factor of 32 and 484.
4
What is the highest common factor of 33277 and 4354?
311
What is the greatest common factor of 74900 and 860?
20
What is the greatest common divisor of 258309 and 972?
243
Calculate the highest common divisor of 16409 and 34038.
61
What is the highest common divisor of 146 and 41026?
146
Calculate the greatest common divisor of 99496 and 296.
8
Calculate the highest common factor of 35120 and 41440.
80
What is the highest common factor of 544958 and 38?
38
What is the greatest common factor of 24455 and 34310?
365
What is the greatest common factor of 1338 and 4038?
6
Calculate the greatest common factor of 56 and 24556.
28
What is the greatest common factor of 36267 and 4239?
471
What is the highest common factor of 14132 and 100?
4
Calculate the highest common factor of 888 and 134.
2
What is the greatest common factor of 27 and 450594?
9
Calculate the highest common divisor of 14 and 1419362.
14
Calculate the highest common facto